, 3, 215921
What are the prime factors of 1172377?
1172377
What are the prime factors of 1689307?
17, 99371
List the prime factors of 465684.
2, 3, 151, 257
What are the prime factors of 5902635?
3, 5, 19, 139, 149
List the prime factors of 94704.
2, 3, 1973
List the prime factors of 1126340.
2, 5, 199, 283
What are the prime factors of 9051627?
3, 13, 23, 10091
List the prime factors of 1342656.
2, 3, 7, 37
List the prime factors of 182835.
3, 5, 17, 239
What are the prime factors of 2776692?
2, 3, 29, 79, 101
What are the prime factors of 139150?
2, 5, 11, 23
What are the prime factors of 2814326?
2, 23, 193, 317
What are the prime factors of 69178?
2, 34589
List the prime factors of 34571.
181, 191
List the prime factors of 1141654.
2, 570827
What are the prime factors of 790908?
2, 3, 17, 3877
List the prime factors of 125252.
2, 173, 181
List the prime factors of 136279.
11, 13, 953
List the prime factors of 80023.
43, 1861
List the prime factors of 28460562.
2, 3, 13, 364879
What are the prime factors of 149244?
2, 3, 12437
List the prime factors of 181050.
2, 3, 5, 17, 71
What are the prime factors of 745503?
3, 11, 19, 29, 41
List the prime factors of 626432.
2, 2447
What are the prime factors of 113270?
2, 5, 47, 241
What are the prime factors of 2085702?
2, 3, 149, 2333
What are the prime factors of 2560?
2, 5
What are the prime factors of 893664?
2, 3, 29, 107
What are the prime factors of 5390173?
17, 313, 1013
What are the prime factors of 142570?
2, 5, 53, 269
List the prime factors of 138203.
13, 10631
List the prime factors of 399991.
53, 7547
List the prime factors of 150557.
11, 13687
What are the prime factors of 379789?
587, 647
List the prime factors of 1476459.
3, 164051
List the prime factors of 1204764.
2, 3, 11, 9127
List the prime factors of 1778181.
3, 592727
List the prime factors of 11408720.
2, 5, 142609
List the prime factors of 2697834.
2, 3, 59, 7621
List the prime factors of 21244502.
2, 23, 421, 1097
List the prime factors of 114319.
114319
List the prime factors of 11415524.
2, 2853881
List the prime factors of 194275.
5, 19, 409
List the prime factors of 11600491.
7, 1657213
What are the prime factors of 2140154?
2, 37, 28921
List the prime factors of 43318.
2, 11, 179
List the prime factors of 3627822.
2, 3, 11, 19, 263
What are the prime factors of 53074?
2, 7, 17, 223
List the prime factors of 7750273.
7750273
List the prime factors of 25627365.
3, 5, 569497
List the prime factors of 16052776.
2, 29, 69193
List the prime factors of 311410.
2, 5, 11, 19, 149
What are the prime factors of 405304?
2, 29, 1747
List the prime factors of 4245.
3, 5, 283
List the prime factors of 651587.
651587
What are the prime factors of 610240?
2, 5, 1907
What are the prime factors of 4703485?
5, 53, 17749
List the prime factors of 46698.
2, 3, 43, 181
List the prime factors of 1074878.
2, 7, 76777
List the prime factors of 779698.
2, 389849
List the prime factors of 9925820.
2, 5, 496291
What are the prime factors of 295575?
3, 5, 7, 563
What are the prime factors of 4148422?
2, 19, 109169
What are the prime factors of 14980987?
7, 19, 73, 1543
List the prime factors of 168887.
168887
What are the prime factors of 443384?
2, 19, 2917
List the prime factors of 786840.
2, 3, 5, 79, 83
List the prime factors of 2117493.
3, 7, 19, 29, 61
What are the prime factors of 1701198?
2, 3, 29, 3259
What are the prime factors of 10137273?
3, 23, 146917
List the prime factors of 1093429.
41, 26669
What are the prime factors of 499808?
2, 15619
What are the prime factors of 1585507?
7, 11, 59, 349
List the prime factors of 192185.
5, 7, 17, 19
What are the prime factors of 4622094?
2, 3, 41, 6263
What are the prime factors of 8158077?
3, 23, 29, 151
List the prime factors of 282683.
282683
List the prime factors of 3888233.
29, 134077
What are the prime factors of 207901?
29, 67, 107
List the prime factors of 1394091.
3, 5737
List the prime factors of 21951286.
2, 7, 31, 37, 1367
List the prime factors of 416013.
3, 13, 10667
What are the prime factors of 560301?
3, 7, 26681
What are the prime factors of 20026948?
2, 5006737
What are the prime factors of 11937303?
3, 7, 89, 2129
What are the prime factors of 2993354?
2, 7, 13, 16447
List the prime factors of 186876.
2, 3, 29, 179
What are the prime factors of 367115?
5, 7, 17, 617
What are the prime factors of 227382?
2, 3, 37897
What are the prime factors of 273959?
7, 5591
List the prime factors of 86768.
2, 11, 17, 29
What are the prime factors of 692553?
3, 23, 10037
What are the prime factors of 29626?
2, 14813
List the prime factors of 39005024.
2, 19, 64153
What are the prime factors of 1866984?
2, 3, 7, 11113
List the prime factors of 4310157.
3, 137, 10487
List the prime factors of 494065.
5, 11, 13, 691
List the prime factors of 1319881.
109, 12109
List the prime factors of 32731205.
5, 13, 17, 19, 1559
List the prime factors of 1027372.
2, 101, 2543
List the prime factors of 3849043.
11, 349913
What are the prime factors of 344175?
3, 5, 13, 353
List the prime factors of 118830.
2, 3, 5, 17, 233
List the prime factors of 14815977.
3, 11, 448969
What are the prime factors of 985693?
71, 13883
What are the prime factors of 596327?
29, 20563
List the prime factors of 2659533.
3, 886511
List the prime factors of 421618.
2, 210809
List the prime factors of 5375239.
79, 68041
What are the prime factors of 4195534?
2, 7, 299681
What are the prime factors of 314529?
3, 59, 1777
What are the prime factors of 266674?
2, 133337
List the prime factors of 10656601.
29, 367469
List the prime factors of 2207580.
2, 3, 5, 36793
What are the prime factors of 5546516?
2, 101, 13729
List the prime factors of 2380687.
1487, 1601
List the prime factors of 249519.
3, 31, 2683
What are the prime factors of 399329?
7, 57047
List the prime factors of 1306202.
2, 97, 6733
List the prime factors of 5033936.
2, 19, 29, 571
What are the prime factors of 265364?
2, 11, 37, 163
List the prime factors of 778238.
2, 61, 6379
List the prime factors of 4358663.
397, 10979
List the prime factors of 2603041.
7, 241, 1543
List the prime factors of 241602.
2, 3, 67, 601
What are the prime factors of 3366588?
2, 3, 280549
List the prime factors of 3901005.
3, 5, 86689
What are the prime factors of 11258510?
2, 5, 677, 1663
What are the prime factors of 27315673?
7, 11, 19, 18671
What are the prime factors of 238817?
79, 3023
What are the prime factors of 491088?
2, 3, 13, 787
List the prime factors of 345400.
2, 5, 11, 157
What are the prime factors of 394949?
163, 2423
What are the prime factors of 1841695?
5, 17, 47, 461
What are the prime factors of 1947007?
251, 7757
List the prime factors of 1898598.
2, 3, 13, 101, 241
List the prime factors of 98719.
17, 5807
What are the prime factors of 482452?
2, 103, 1171
List the prime factors of 1144923.
3, 13, 31, 947
What are the prime factors of 10020?
2, 3, 5, 167
What are the prime factors of 1219226?
2, 609613
What are the prime factors of 3641561?
7, 11, 47293
What are the prime factors of 1326895?
5, 29, 9151
What are the prime factors of 6705284?
2, 1676321
What are the prime factors of 10900325?
5, 436013
List the prime factors of 17077795.
5, 7, 409, 1193
List the prime factors of 6472467.
3, 79907
List the prime factors of 871127.
41, 21247
List the prime factors of 2299542.
2, 3, 7, 54751
List the prime factors of 1146184.
2, 13, 103, 107
What are the prime factors of 1714777?
1714777
What are the prime factors of 441861?
3, 7, 53, 397
List the prime factors of 1829600.
2, 5, 2287
What are the prime factors of 82007?
82007
List the prime factors of 81738.
2, 3, 19, 239
List the prime factors of 481116.
2, 3, 40093
What are the prime factors of 12422305?
5, 7, 97, 3659
What are the prime factors of 10836861?
3, 7, 491, 1051
What are the prime factors of 52151?
11, 431
What are the prime factors of 126811?
211, 601
List the prime factors of 622881.
3, 7, 9887
What are the prime factors of 3895720?
2, 5, 17, 337
What are the prime factors of 29123849?
31, 199, 4721
List the prime factors of 21261515.
5, 11, 113, 311
What are the prime factors of 1135436?
2, 283859
What are the prime factors of 283887?
3, 31543
List the prime factors of 9398088.
2, 3, 7, 29